9. What is the units digit of t?
7
Suppose 0 = z - 12*z. Suppose z*t + 167 = g + t, -4*g = -4*t - 660. What is the tens digit of g?
6
Let t be 1045 - (2 - (2 + 6)). Let d = t + -94. What is the units digit of d?
7
Let n(c) = 16214*c**2 + 29*c - 26. What is the tens digit of n(1)?
1
Let f = 12436 - 1650. What is the thousands digit of f?
0
Let k(u) = -18*u - 230. Let m be k(-15). What is the hundreds digit of (33136/m)/1 - 6/(-10)?
8
Let u(p) = 235*p - 1733. What is the thousands digit of u(16)?
2
Let v(u) = -u**3 - 28*u**2 - 19*u + 211. What is the tens digit of v(-28)?
4
Let t = 320 - -296. Let q = -1064 + t. Let m = 666 + q. What is the hundreds digit of m?
2
Suppose -5*s = 3*y - 16339, -9*y + 4*s = -4*y - 27207. Suppose -5*r - 263 = -y. What is the hundreds digit of r?
0
Suppose -2*m = -5*h - 14 - 11, 2*h = -2*m - 10. Let f = -98 - -103. Suppose m*p + f*p = 685. What is the hundreds digit of p?
1
Let s(o) = o**3 + 19*o**2 - 21*o - 3. Let l be s(-20). What is the hundreds digit of 179 + (-5 + l)/(-4)?
1
Suppose -q + o + 416 = 0, 3*o = -4*q + o + 1688. Suppose 2*c + 3*l - 579 = q, c - l = 497. What is the units digit of c?
8
Let u be (-6)/2 + (-87)/(-3). Let f = u + -20. Suppose -3*m = 5*j - 45, 5*m + f*j - j - 65 = 0. What is the tens digit of m?
1
Suppose 5*g - 52 + 17 = 0. Suppose -10 = -g*d - 3. What is the tens digit of d - (-3 + 3 + -18)?
1
Suppose -8*h + 9*h = 6. Suppose -h*a = 5*a. Suppose 0*s - 3*s + 261 = a. What is the tens digit of s?
8
Let v(u) = -u**2 + 9*u - 17. Let a be v(7). Let l(y) = -15*y**3 - 2*y**2 - 2*y - 4. What is the tens digit of l(a)?
8
Let h be (1 - -14)/((-27)/(-18)). Suppose 5*f = h*f - 5. What is the units digit of ((-1)/3)/(f/(-51))?
7
Let z = -29 + 31. Suppose z*n - 10 + 12 = 0. What is the tens digit of (-1 - 83)/(-2 - n)?
8
Suppose 48*a + 68*a = 297888. What is the thousands digit of a?
2
Suppose 42*a + 20862 = 46*a - 2*i, -2*a + 4*i = -10422. What is the tens digit of a?
1
Let v be 40/((-6 - (-8 + 3))/10). Let l = v - -401. What is the units digit of l?
1
Suppose -24*l = 15*l - 5499. What is the tens digit of l?
4
Let d = 4616 - 4594. Let h(b) = -5*b**3 + 21*b**2 + 35*b - 18. Let p(w) = -w**3 + w + 1. Let v(u) = h(u) - 4*p(u). What is the hundreds digit of v(d)?
1
Let w(f) = 1 - 4 - 176*f + 197*f. Let t be w(4). What is the tens digit of t - (4 - (5 - 1))?
8
Suppose 128*j = 270*j + 233*j - 2219625. What is the thousands digit of j?
5
Suppose 2*c - 2*k = 134902, -7*k + 145781 = -4*c + 415603. What is the units digit of c?
5
Let r(n) be the third derivative of 23*n**6/120 - n**5/12 + 5*n**4/24 + 2*n**3/3 - n**2 - 14. What is the tens digit of r(2)?
7
Let h(i) = -27*i**3 - 3*i**2 - 10*i - 7. Suppose 2*l = 4*s - 2, -3*s - l = -6*l - 19. What is the units digit of h(s)?
7
Let r(y) be the second derivative of y**4/4 - y**3/6 - 9*y**2/2 - 47*y. Let p be r(-9). What is the units digit of p - (-2 + 17)/(-3)?
8
Let j(o) be the second derivative of -o**5/20 + 17*o**4/6 - 17*o**3/3 - 14*o**2 - 144*o. What is the tens digit of j(32)?
3
Let z(b) = -b**2 + 9*b - 13. Let j be z(5). Let d(q) = 87*q - 37. What is the units digit of d(j)?
2
What is the units digit of (20 - 18) + 7236*1?
8
What is the tens digit of (-3)/4 + 1 + 11553360/960?
3
Suppose 18*b = 12*b + 60. Let k(o) = 38*o + 36. What is the tens digit of k(b)?
1
Suppose 0 = -2*y + 18*d - 16*d + 69222, 4*y + 3*d - 138416 = 0. What is the units digit of y?
7
Let v(f) = -301*f - 152. What is the thousands digit of v(-13)?
3
Let a(g) = -6*g**2 + 3*g + 5711. What is the tens digit of a(0)?
1
Suppose 10515067 + 1125929 = 324*y. What is the ten thousands digit of y?
3
Suppose -4*a + 7691 = -3*p, -4*a - 4*p + 1100 = -6556. Suppose -a = -19*b + 1995. What is the tens digit of b?
0
Suppose 5*g + 4*u = 3*g, -3*g - u + 10 = 0. Suppose -35 + 15 = -4*n, -c + 194 = -g*n. What is the hundreds digit of c?
2
Let o(t) = -t**3 + 17*t**2 - 16*t + 5. Let j be o(16). Suppose 1940 = j*m - 4*c, 3*m + 2*c - 4*c = 1166. What is the tens digit of m?
9
Let o(f) = 2*f. Let s be o(-7). Let q be (-4)/14 + (3 - 32/s). Suppose -q*h + 210 = -220. What is the tens digit of h?
8
Let x be ((-60)/(-9) - -2) + 1/3. What is the units digit of -1329*1/(-12) - x/12?
0
Suppose 5*z = 5*j + 15, -4*j + 3*z - 15 = -6. Let b be (10/(j + -5))/2. What is the tens digit of (2 + 5*-3)*b?
1
Let k = -76 + 94. Suppose 0 = 9*t - k*t + 288. What is the units digit of t?
2
Let y(r) = -567*r - 56 + 82*r + 89*r. What is the thousands digit of y(-3)?
1
What is the hundreds digit of (15/(-12) - 1)*(-563640)/315?
0
Suppose 0 = -4*r + 4*g + 6017 + 4887, 0 = -r - 4*g + 2736. Suppose -17*x = -196 - r. What is the hundreds digit of x?
1
Let m(l) = -l**2 - l - 1. Let h(b) = 3*b**2 - 145*b - 82. Let z(v) = -h(v) - 6*m(v). What is the tens digit of z(-54)?
8
Let d be (-4 - (-155)/35) + (-291)/(-7). Let g = d - 72. What is the units digit of 62*(-5)/g*3?
1
What is the thousands digit of (19 + (-32053)/(-57))*((-406)/(-4) + -4)?
6
Let t(q) be the first derivative of 1/4*q**4 + 3*q**2 - 2*q + 22 + 11/3*q**3. What is the hundreds digit of t(-5)?
1
Suppose -35480 = -5*j + 2*v + 18390, j = 5*v + 10797. What is the units digit of j?
2
Let c(y) be the third derivative of 17*y**5/60 + y**4/8 - y**3 - 65*y**2. What is the hundreds digit of c(5)?
4
Let c be -8*(5 - 22/4). Suppose 9*f = c*f + 10. Suppose 671 = f*s + 193. What is the hundreds digit of s?
2
Let s(x) = 27 - 96 + 13*x + x + x. What is the tens digit of s(7)?
3
Let a = -62 - -67. Suppose 2*z = -5*s + 13 + 21, s = -a*z - 7. What is the units digit of (5/((-25)/4))/(s/(-460))?
6
Suppose 0 = -5*f - 3*i - 2*i, -4*f + 4*i = -8. Let v(c) = 300*c**3 - 2*c**2 + c. What is the tens digit of v(f)?
9
Suppose 5*g = -3*m + 137168, -31843 = -5*g - 5*m + 105317. What is the thousands digit of g?
7
Let d(j) = -4*j - 36. Let f be d(-10). Let p be 1 - -6*((-10)/f)/5. What is the tens digit of 2430/25 - p/(-10)?
9
Suppose -c = -7*c. Let n(m) = 10*m**2 + 116. What is the hundreds digit of n(c)?
1
Suppose -31*m - 103440 = -3*u - 938243, -5*m + 134677 = 3*u. What is the hundreds digit of m?
9
Let c(p) = 2975*p**2 + 33*p + 31. Let d(k) = 4464*k**2 + 49*k + 46. Let n(b) = -7*c(b) + 5*d(b). What is the units digit of n(-1)?
4
Let i = 412 - 933. Let m = i - -726. What is the hundreds digit of m?
2
Let k = -87 + 89. Suppose -3*w + 8 = k. What is the hundreds digit of (-4837)/(-28) - w/(-16)*2?
1
Suppose -5*q + 3*u = 7*u - 8, 3*q + 5*u + 3 = 0. Suppose 3*b + 5*o = 2150, q*b + b + 2*o = 3558. What is the hundreds digit of b?
7
Suppose 8 = -4*v, -2*h - 3*v = -0*v - 12. Let q be (2 + -1)*(h - 26). Let d = -15 - q. What is the units digit of d?
2
Suppose -26651 + 786 = -4*p - p. What is the units digit of p?
3
Let z(q) = -q**3 + 6*q**2 + 8*q - 3. Let u be z(7). Let w(k) = 434*k + 2. What is the thousands digit of w(u)?
1
Let x be 9/5*(-520)/78. What is the tens digit of x/(-84)*707 + -1*1?
0
Suppose 3*d + 4*i - 35947 = 5*i, -i = 1. What is the tens digit of d?
8
Let n be ((-516)/36)/(3/(-108)). Let b = n + -277. What is the hundreds digit of b?
2
Let n(k) = 1596*k - 782. What is the hundreds digit of n(19)?
5
Suppose -3*t = 28 - 37. Suppose -t*b + 470 + 355 = 3*h, -4*b = 0. What is the hundreds digit of h?
2
Let c = 50165 + -35055. What is the tens digit of c?
1
Let o be ((-2)/(-3 + (-7)/(-3)))/1. Suppose 3*n = 2*b - 4*b + 333, -2*n + 492 = o*b. Let f = -92 + b. What is the tens digit of f?
7
Suppose 3*f + 16 + 51 = 4*q, 0 = -f - q - 13. What is the thousands digit of (-189)/(8 + f)*74?
1
Let d = -54 + 39. Let n be d + 9 - -5*1. What is the tens digit of 4*n - (19 + -83)?
6
Let o(v) = -6*v - 36. Let p(h) = -2*h**2 - 4*h. Let b be p(-3). Let k be o(b). Suppose k = -u - 0*u + 57. What is the tens digit of u?
5
Let n be 13/(-65) - 39/5. Let w be (-30)/(-6) + (-4)/(n/(-6)). Suppose -2*f + s + 346 = 4*s, -w*f - 4*s = -348. What is the units digit of f?
0
Suppose -8 = -7*b + 11*b. Let s be b/(-4) + 2 + 1/(-2). Suppose -202 = -k + 4*g, s*k - 353 - 31 = 4*g. What is the tens digit of k?
8
Suppose 5*y + 4*y = 0, 3*v = y + 4*y + 24450. What is the thousands digit of v?
8
What is the tens digit of (-26)/338 + 43483/143?
0
Suppose 494*v = 105*v + 2025912. What is the tens digit of v?
0
Suppose -2*s = 4*b, 3*s - 149*b - 1 